10?
-100010011100011
In base 15, what is 1a4 - -1dc8?
207c
In base 15, what is -d - c75?
-c83
In base 7, what is 2 + -6515364?
-6515362
In base 13, what is 9ac + 1246?
1c25
In base 9, what is 705 - 25?
670
In base 12, what is -5 + 3307a?
33075
In base 5, what is -1 - 1222201?
-1222202
In base 5, what is 12043 - -42?
12140
In base 15, what is -3979 - -1?
-3978
In base 8, what is 30163 - -13?
30176
In base 8, what is 10 - 415703?
-415673
In base 7, what is -10606 + 11?
-10565
In base 12, what is 648 + 18?
664
In base 10, what is -1 + 101785?
101784
In base 16, what is 25 - -39e8?
3a0d
In base 12, what is 1312a89 + 0?
1312a89
In base 4, what is 302003 + 1330?
303333
In base 5, what is -34302100 - -30?
-34302020
In base 12, what is 11 + -b795?
-b784
In base 3, what is 11 + 1121121?
1121202
In base 16, what is 2f51a - -6?
2f520
In base 4, what is -12323223 - 3?
-12323232
In base 7, what is 5241 - 100?
5141
In base 3, what is 20222 + 101011121?
101102120
In base 5, what is 11243 - -3020?
14313
In base 7, what is 221002 + -2?
221000
In base 6, what is -1332553 - -34?
-1332515
In base 11, what is 467a76 - 4?
467a72
In base 5, what is -2424 - -23331?
20402
In base 9, what is -74072 + 3?
-74068
In base 11, what is 66576 + 2?
66578
In base 4, what is 10123230321 - -1?
10123230322
In base 3, what is 21 - 202000121?
-202000100
In base 7, what is -20 + -2244?
-2264
In base 13, what is 9 - 2792?
-2786
In base 6, what is -13 - 20210?
-20223
In base 6, what is -1233 + -2123?
-3400
In base 12, what is 14 + 33081?
33095
In base 5, what is 13 + -234442?
-234424
In base 8, what is 15 - 46410?
-46373
In base 13, what is -c0042 - -5?
-c003a
In base 2, what is 1101001011101100000 - -1110?
1101001011101101110
In base 16, what is 75 - -57?
cc
In base 15, what is -2 + -2ce5?
-2ce7
In base 10, what is -3019 - 447?
-3466
In base 15, what is 72b03 + 4?
72b07
In base 7, what is 2 + 130144?
130146
In base 15, what is 4 + -32b53?
-32b4e
In base 9, what is -4 + 314031?
314026
In base 7, what is -3165 - -234?
-2631
In base 13, what is -1 + -10c424?
-10c425
In base 14, what is a04b + ba?
a127
In base 5, what is 2222 + 1302?
4024
In base 8, what is -4137 + -45?
-4204
In base 13, what is -11 - b30?
-b41
In base 2, what is 1000111011011 - 1111?
1000111001100
In base 4, what is -3003 - 13133?
-22202
In base 3, what is -221 + 120022020?
120021022
In base 12, what is -31208 - -14?
-311b4
In base 13, what is 1bb2 + 12?
1bc4
In base 2, what is 10000101110001110000001 + 11?
10000101110001110000100
In base 6, what is -421 - 102?
-523
In base 4, what is -223020312 - 3?
-223020321
In base 7, what is 221 - -1353?
1604
In base 4, what is 123202100 + -10?
123202030
In base 12, what is 4 - -211b5?
211b9
In base 3, what is 10101 + -1022220121?
-1022210020
In base 11, what is -32394a - 2?
-323951
In base 8, what is -20 + -336166?
-336206
In base 15, what is 149 + 5e5?
73e
In base 3, what is 20220002 + -1121?
20211111
In base 4, what is 12 - 20221110?
-20221032
In base 7, what is 22 + -3241?
-3216
In base 7, what is 5 - -64402?
64410
In base 4, what is -102 + 1300?
1132
In base 4, what is 20323312 + 1?
20323313
In base 4, what is -31 - -113331?
113300
In base 6, what is 1002 + 5235?
10241
In base 9, what is -757 - -2606?
1738
In base 11, what is 2 - -22a78?
22a7a
In base 10, what is 11 - 14753?
-14742
In base 5, what is 4301 - -10020?
14321
In base 16, what is 1bc53 + 5?
1bc58
In base 12, what is 60758 - 0?
60758
In base 11, what is 18 + 580?
598
In base 15, what is 333 - -74?
3a7
In base 15, what is a9d4 - -1?
a9d5
In base 15, what is -84030 + 0?
-84030
In base 10, what is -428 - -194?
-234
In base 8, what is -110066 - 0?
-110066
In base 13, what is -a93c24 + 2?
-a93c22
In base 12, what is -4 - -a934?
a930
In base 12, what is -33 - -a98?
a65
In base 2, what is 1101000010100111 - 1?
1101000010100110
In base 16, what is 29 - -17509?
17532
In base 8, what is 173053 + 11?
173064
In base 7, what is 153110 + 3?
153113
In base 15, what is -32a4 - 3?
-32a7
In base 16, what is c9 + 1?
ca
In base 8, what is -6 + -155657?
-155665
In base 3, what is -100112011 + -20210?
-100202221
In base 9, what is -12321 + -12?
-12333
In base 4, what is 2202 + 2000?
10202
In base 14, what is -2 - -7584?
7582
In base 15, what is 6 + -367?
-361
In base 4, what is 23311322 - -11?
23311333
In base 11, what is 165124 + -2?
165122
In base 16, what is -358 + -7?
-35f
In base 8, what is -1 + 473?
472
In base 3, what is -1020000 + -2022120?
-10112120
In base 2, what is -11 + 11101111101110101010?
11101111101110100111
In base 7, what is 2 - 16015?
-16013
In base 2, what is -10000011110111111 - 100101?
-10000011111100100
In base 8, what is -44536 + 0?
-44536
In base 7, what is -40120 + -4?
-40124
In base 4, what is -2121 + 121030?
112303
In base 3, what is -10 + 1101201012?
1101201002
In base 5, what is 42224 + 104?
42333
In base 9, what is -1 + 71358?
71357
In base 7, what is -135 + 436361?
436223
In base 4, what is -330 + 123103?
122113
In base 6, what is 2042 + 420?
2502
In base 2, what is -10111001001000011011 + 10?
-10111001001000011001
In base 10, what is 59981 + 2?
59983
In base 5, what is 20300300 + -1?
20300244
In base 9, what is 2847 + -3200?
-242
In base 16, what is -2023 - 16?
-2039
In base 8, what is -2 - -720560?
720556
In base 13, what is 3 + 34a0?
34a3
In base 11, what is 1 - -12274?
12275
In base 10, what is -1893010 - -3?
-1893007
In base 4, what is -21000101 + 3?
-21000032
In base 10, what is 9 + -26508?
-26499
In base 3, what is 120002 + -222220?
-102211
In base 11, what is -17694 + -12?
-176a6
In base 3, what is 122 - 10021122121?
-10021121222
In base 6, what is -214033 - 104?
-214141
In base 10, what is -120 - 137?
-257
In base 15, what is -5 + -4bed?
-4c03
In base 16, what is -682 - 10?
-692
In base 13, what is -22 - -3a1b8?
3a196
In base 7, what is 215210 - 2?
215205
In base 6, what is 1 + -14231?
-14230
In base 8, what is 43 + 1052?
1115
In base 16, what is -17 - -ef?
d8
In base 10, what is 528 + 1475?
2003
In base 5, what is 12412 + -2003?
10404
In base 4, what is 102302111002 - -1?
102302111003
In base 15, what is -c - dddb8?
-dddc5
In base 15, what is 7a1 - -2e3?
a94
In base 8, what is -334 - 230?
-564
In base 9, what is -1 - 1725?
-1726
In base 8, what is 204 - 1176?
-772
In base 4, what is 10 - -233012?
233022
In base 6, what is -2 - -1155054?
1155052
In base 7, what is 12436 - -52?
12521
In base 14, what is -1 + 2026?
2025
In base 14, what is 997 + -b86?
-1cd
In base 8, what is 0 - -14774?
14774
In base 10, what is 150739 - -3?
150742
In base 8, what is -13124 - 11?
-13135
In base 10, what is -107 - -213?
106
In base 8, what is 323 + 306?
631
In base 14, what is -18b - 2793?
-2940
In base 11, what is 499 + 4?
4a2
In base 13, what is 4 + -11948?
-11944
In base 9, what is 612287 + -4?
612283
In base 10, what is 2 - -52156?
52158
In base 3, what is -12 - 1012001000?
-1012001012
In base 6, what is 5 + 145124?
145133
In base 13, what is 4 - -3cc0?
3cc4
In base 7, what is 5001026 + -10?
5001016
In base 11, what is 169 - 75?
a4
In base 11, what is 4 - -12a?
133
In base 4, what is 2103032 + -2?
2103030
In base 11, what is -4452 - -10?
-4442
In base 5, what is 2302101 - -1?
2302102
In base 5, what is -1132010033 + -10?
-1132010043
In base 5, what is -1 - -100114?
100113
In base 11, what is 4 - -16a161?
16a165
In base 6, what is 2 - 12102?
-12100
In base 14, what is 2 - 7b74?
-7b72
In base 12, what is 14b4100 + 4?
14b4104
In base 13, what is 6a - 6b?
-1
In base 7, what is -51 + 1123?
1042
In base 3, what is 11 - 111020012?
-111020001
In base 4, what is -11 + 12313232?
12313221
In base 4, what is 3 + -2203030313?
-2203030310
In base 8, what is -25543 - -60?
-25463
In base 13, what is 2 + -46a2?
-46a0
In base 11, what is 8 - -510?
518
In base 9, what is -54 - 8310?
-8364
In base 4, what is -10 - -12222022?
12222012
In base 12, what is -12 + 15627?
15615
In base 4, what is -1 + 212113?
212112
In base 10, what is -172 - 171?
-343
In base 14, what is c2 - 8?
b8
In base 14, what is -170 - 777?
-907
In base 13, what is 19 + -2a65?
-2a49
In base 6, what is 2 - -42302?
42304
In base 13, what is 14586 - 4?
14582
In base 6, what is -5210 + 44?
-5122
In base 9, what is -35 - -4240?
4204
In base 11, what is 2 - 55454?
-5